ghest common divisor of 12342 and v?
34
Let r be (25 - 2) + 19/(114/(-12)). Let v be (-86)/(-6) - ((-63)/(-9))/r. Calculate the greatest common divisor of v and 14.
14
Suppose -6928*k - 98 = -6935*k. Let r be (-1)/(-1) - (-151 - 9). Calculate the highest common factor of r and k.
7
Suppose 0 = 5*n - r - 793, 3*n - 480 = 2*r - 0*r. Suppose 2*s - 24 + n = 2*y, y + s = 61. Calculate the greatest common divisor of y and 16.
16
Let x be (-34)/6 + 5 - 32/6. Let u be ((-285)/190)/(0 + x/296). Calculate the greatest common factor of u and 666.
74
Let c(x) = 2*x**3 + 12*x**2 - 8. Let i be c(-5). Let m = 45 - i. Let l be ((-6)/1)/(m/(-5)). What is the highest common divisor of 50 and l?
10
Let x(c) = c**3 + 69*c**2 - 15*c - 1033. Let b be x(-69). Calculate the highest common factor of b and 18.
2
Let h(w) = 2*w**2 - 5*w + 165. Let z be h(14). Let g = z - 447. Calculate the greatest common divisor of 2 and g.
2
Let s(w) = -9*w + 157. Let q be s(17). Suppose -q*x = -1594 + 606. Calculate the greatest common factor of x and 65.
13
Let l(k) = 349*k + k**2 - 351*k + 0*k**2 - 3. Let w be l(0). Let s(m) = m**2 + 5. Let o be s(w). What is the greatest common divisor of 126 and o?
14
Let k(z) = 4*z**2 - 3*z - 16. Let s(q) = -24*q**2 + 144*q + 8. Let y be s(6). Let c be k(y). Calculate the highest common factor of c and 81.
27
Let d(f) = 6 + f**3 + 7*f - 3*f**2 - 9 + 4 - 7*f**2. Let g be d(7). Let r be g/(-4) + -1 + 3/(-12). Calculate the highest common factor of r and 184.
23
Let x be 7954/39 + 1 - (-2284)/44538. Suppose 4*w - 2*c = -5*c + 89, -5*w + 5*c + 85 = 0. What is the greatest common factor of w and x?
5
Suppose -5*b + 133 = -u, 5*b + 5*u = u + 118. Let g be 14993/231 - 10/(-105). Calculate the greatest common factor of g and b.
13
Let y be 34*(1/6 - (5 - (-1729)/(-39))). Calculate the highest common factor of 119 and y.
17
Suppose 5 = 2*y + 4*b + 33, -5*y + 3*b - 57 = 0. Let a be 665/(-70)*3*y. What is the greatest common divisor of 18 and a?
18
Suppose 6813 = 14*b + 29*b - 2131. Calculate the highest common factor of 5356 and b.
52
Suppose -19*h + 10*h - 64 = -25*h. What is the greatest common factor of h and 62?
2
Let q(m) = -m**3 - m**2 + 19*m + 880. Let a be q(0). Calculate the highest common divisor of 792 and a.
88
Let h be (-2298)/5*65/(-3). Calculate the highest common divisor of 52 and h.
26
Let a(w) = w**3 + 2*w**2 - 11*w - 7. Let c be a(-4). Suppose 0 = -7*g + c*g + 12. What is the greatest common divisor of g and 15?
3
Let w(l) = 20*l**3 + 4*l**2 + 64*l - 514. Let b be w(7). What is the highest common divisor of 30 and b?
30
Suppose 0 = 59*d - 57*d - 2. What is the greatest common factor of 271 and d?
1
Suppose 10*l + 415 = -335. Let q be l/(-6)*(-4 + 10). Calculate the highest common divisor of q and 60.
15
Let u(z) = z**3 - 7*z**2 - 28*z + 33. Let l be u(11). What is the greatest common divisor of 330 and l?
11
Let t(k) = -19*k + 12. Suppose -3*n = 5*x - 0*n + 17, n = 3*x + 13. Let l be t(x). Calculate the greatest common factor of 77 and l.
11
Let u(w) = -2*w**2 + 2*w - 23. Let c be u(0). Let k = c - -29. Suppose -a - 87 = -3*z, -2*z + k*a + 62 = 4*a. Calculate the greatest common divisor of 42 and z.
14
Let z = 35 - 28. Let b(c) = 6*c - 33. Let h be b(z). What is the greatest common divisor of 1 and h?
1
Let b be 16 + (-16 - 138/(-6)). Let i(h) = 4*h**2 - 18*h + 8. Let p be i(12). What is the greatest common factor of b and p?
23
Suppose -12 = 4*k, 0 = 2*p - 3*k + 4*k - 1779. Suppose 270 = 897*t - p*t. Calculate the greatest common divisor of 225 and t.
45
Let a(n) = 4*n**2 + 129*n + 95. Let f be a(-32). What is the highest common factor of f and 1029?
21
Let b(a) = 5*a**2 - 93*a - 68. Let f be b(-17). Calculate the greatest common divisor of f and 34.
34
Suppose -31*s = -22*s + 27. Let k be s + (1347 - -8)/5. What is the highest common factor of 67 and k?
67
Let v be 2/(-12)*-2*27. Let l(c) = 6 + 2*c + 2*c**3 - 7*c**3 + 6*c**3 + 6. Let h be l(0). Calculate the highest common divisor of v and h.
3
Suppose -5*n = -5*a - 4490, 3*n - 3608 = -5*a - 970. What is the highest common divisor of n and 729?
81
Suppose f + 8770 = 3*d, 290*f = 2*d + 287*f - 5849. Calculate the greatest common factor of d and 711.
79
Let m(c) be the third derivative of -5/24*c**4 + 7/6*c**3 + 0 + 0*c - 20*c**2. Let t be m(-4). What is the greatest common divisor of 270 and t?
27
Let n be 7 + 0 - (18 + 203/(-1)). What is the greatest common divisor of 72 and n?
24
Let t be 2/7 + 1622/7. Suppose 3*z + 12 = 4*y + 4*z, -z = -y - 2. Suppose y*m + m + 5*k - 102 = 0, -m = -k - 26. Calculate the highest common factor of t and m.
29
Let z = 789 - 406. Let w = z - 357. What is the greatest common divisor of 6 and w?
2
Let r = -2367 - -2402. What is the greatest common factor of r and 4480?
35
Suppose -76 = -3*z - 10. Suppose -4*m + r + 5 = 0, 3*m + 5 = -2*m + 5*r. Let o be (-11 - -9)*(-33)/m. Calculate the highest common divisor of o and z.
11
Let y(b) = 4*b**2 - 3*b - 4. Let z be y(-2). Suppose l - 57 = -3*u, 27 = -3*u + 30. Calculate the highest common factor of z and l.
18
Let g be (2/(-8) + 1572/16)/1. Suppose 4*m - 225 + 49 = 0. Suppose 0 = 6*o + m - g. What is the greatest common factor of o and 81?
9
Let j = 2557 + -750. What is the highest common divisor of j and 52?
13
Let s = 12015 - 11665. Calculate the greatest common factor of 28 and s.
14
Suppose 5*q + 3*t - t = -11, -q = 3*t - 3. Let v be 75*((q - -5) + -1). Let d be (-12)/48*4/1*-15. Calculate the highest common divisor of v and d.
15
Let x(z) = 0*z - 5*z + 14 + 25 - 22. Let i be x(3). Suppose 6*d = -i*d + 512. Calculate the greatest common factor of 8 and d.
8
Suppose 0 = -29*t + 25*t - 12. Let i be (-35)/10 - t - (-82)/4. What is the greatest common divisor of 30 and i?
10
Let x(i) = -i + 3. Let a be x(0). Suppose a - 37 = -w. Let z be -2*(-2 - (-40)/16) + 18. Calculate the greatest common factor of w and z.
17
Let s be 106/(-14) - (-88)/154. Let g be (s - -6)/(1/(-8)) + -3. What is the highest common divisor of 155 and g?
5
Let j(t) = -2*t**2 + 49*t + 119. Let h be j(24). What is the highest common factor of h and 1664?
13
Let g = -512 - -484. Let t be (2/3)/(-1)*546/g. Let j(l) = 5*l**2 + 6*l - 1. Let y be j(-6). Calculate the highest common factor of y and t.
13
Suppose 4*w - 3 = -19. Let r = 17 - w. What is the highest common divisor of 231 and r?
21
Let o = 4 + -2. Suppose o*g - 1 = 5. Let p(c) = c**3 - 33*c**2 + 119*c - 843. Let j be p(30). What is the greatest common factor of j and g?
3
Suppose 11*r + 2640 = 46*r + 13*r. Let f = -45 - -133. What is the greatest common factor of f and r?
11
Suppose 3 = -3*u - 6. Let g = 14 + u. Suppose 0 = 17*t - 9*t - 18*t + 110. What is the highest common factor of t and g?
11
Let w be 1*(-9)/((-18)/(-176)). Let o be 6*(w/(-14))/(45/105). Calculate the highest common factor of 24 and o.
8
Let p be (5 - 10)*(-4 + -19 + -1). Suppose a = 3*v + 175, v = a + 4*v - 145. What is the highest common factor of a and p?
40
Let j = 220 + -136. Let v be -5*((-52)/(-20) - 3). Suppose b - v*b = 2*x - 6, -x - 3 = 0. Calculate the greatest common factor of b and j.
12
Let h(n) = -201*n + 197*n + 2 - 1 - 6. Let i be h(-2). Suppose p = 3, -i*l + 2*p + 66 = -3*p. Calculate the highest common divisor of 27 and l.
27
Let r = -1 + 25. Let l = 20834 + -20474. Calculate the greatest common divisor of l and r.
24
Let p(h) = -h**3 + 8*h**2 + 6*h - 45. Let q be p(5). Let u be 4/(-10) - 502/(-5). What is the greatest common factor of u and q?
20
Let f(k) = -77*k - 147. Let j be f(-15). Let r = 543 + -529. What is the highest common factor of j and r?
14
Let f = 34 - 21. Let j(g) = -g**3 - 45*g**2 - 101*g + 57. Let r be j(-43). Suppose -r = -54*c + 45*c. What is the greatest common factor of c and f?
13
Let j = 2881 - 2797. Let q be 3952/95*(-70)/(-4). Suppose -q = -4*v - 280. What is the greatest common divisor of j and v?
28
Let i = 4 + -16. Let d(q) be the first derivative of -3*q**2 - 6*q - 564. Let w be d(i). Calculate the greatest common divisor of 11 and w.
11
Suppose 15*n - 20 = 14*n - 5*v, 2*n - 12 = -3*v. Suppose n = -9*d + 7*d + 5*t + 160, -5*t - 385 = -5*d. Calculate the highest common divisor of 25 and d.
25
Let t = -297 - 304. Let a = t - -1031. Calculate the greatest common di